remainder when 7178 is divided by 652.
6
What is the remainder when 149001 is divided by 406?
405
What is the remainder when 1028112 is divided by 1424?
1408
What is the remainder when 106778 is divided by 20?
18
What is the remainder when 8248 is divided by 2714?
106
Calculate the remainder when 229906 is divided by 61.
58
Calculate the remainder when 12298 is divided by 2450.
48
Calculate the remainder when 35816 is divided by 551.
1
Calculate the remainder when 3792 is divided by 390.
282
Calculate the remainder when 2240 is divided by 224.
0
Calculate the remainder when 151559 is divided by 606.
59
Calculate the remainder when 1682 is divided by 876.
806
What is the remainder when 309 is divided by 111?
87
What is the remainder when 1529 is divided by 134?
55
What is the remainder when 1754 is divided by 93?
80
What is the remainder when 1211529 is divided by 42?
39
What is the remainder when 13699 is divided by 169?
10
What is the remainder when 3233 is divided by 135?
128
What is the remainder when 13762 is divided by 491?
14
Calculate the remainder when 32488 is divided by 147.
1
What is the remainder when 34186 is divided by 6826?
56
Calculate the remainder when 454 is divided by 25.
4
Calculate the remainder when 8768 is divided by 177.
95
What is the remainder when 126705 is divided by 3620?
5
What is the remainder when 8636 is divided by 139?
18
Calculate the remainder when 28413 is divided by 3133.
216
What is the remainder when 60334 is divided by 20096?
46
Calculate the remainder when 1031 is divided by 273.
212
What is the remainder when 61836 is divided by 5621?
5
What is the remainder when 10512 is divided by 59?
10
What is the remainder when 65128 is divided by 195?
193
Calculate the remainder when 30333 is divided by 7555.
113
Calculate the remainder when 277 is divided by 97.
83
Calculate the remainder when 5649 is divided by 5633.
16
Calculate the remainder when 33176 is divided by 5527.
14
What is the remainder when 65168 is divided by 98?
96
What is the remainder when 13877 is divided by 56?
45
What is the remainder when 26288 is divided by 51?
23
Calculate the remainder when 20938 is divided by 2545.
578
What is the remainder when 1154 is divided by 252?
146
What is the remainder when 502311 is divided by 184?
175
What is the remainder when 1358 is divided by 1343?
15
Calculate the remainder when 38877 is divided by 20.
17
Calculate the remainder when 178408 is divided by 1683.
10
What is the remainder when 36002 is divided by 17833?
336
What is the remainder when 77802 is divided by 4322?
6
Calculate the remainder when 11338 is divided by 162.
160
What is the remainder when 22014 is divided by 7305?
99
What is the remainder when 44030 is divided by 40?
30
What is the remainder when 27954 is divided by 3097?
81
Calculate the remainder when 512 is divided by 355.
157
Calculate the remainder when 74565 is divided by 436.
9
What is the remainder when 24416 is divided by 6092?
48
Calculate the remainder when 3373 is divided by 335.
23
Calculate the remainder when 12142 is divided by 7.
4
What is the remainder when 574 is divided by 312?
262
What is the remainder when 135269 is divided by 33814?
13
Calculate the remainder when 13009 is divided by 111.
22
What is the remainder when 188 is divided by 185?
3
Calculate the remainder when 68147 is divided by 78.
53
What is the remainder when 3327 is divided by 83?
7
Calculate the remainder when 14952 is divided by 27.
21
What is the remainder when 57685 is divided by 2616?
133
What is the remainder when 6902 is divided by 117?
116
What is the remainder when 511767 is divided by 17?
16
What is the remainder when 15367 is divided by 87?
55
Calculate the remainder when 16039 is divided by 970.
519
Calculate the remainder when 42965 is divided by 524.
521
What is the remainder when 4077 is divided by 115?
52
Calculate the remainder when 3023 is divided by 10.
3
What is the remainder when 30148 is divided by 75?
73
Calculate the remainder when 544807 is divided by 302.
301
What is the remainder when 11280 is divided by 801?
66
Calculate the remainder when 86541 is divided by 326.
151
What is the remainder when 2656 is divided by 1174?
308
Calculate the remainder when 622 is divided by 493.
129
What is the remainder when 24535 is divided by 4?
3
What is the remainder when 64169 is divided by 16?
9
Calculate the remainder when 1408 is divided by 230.
28
What is the remainder when 587977 is divided by 293983?
11
What is the remainder when 21678 is divided by 278?
272
What is the remainder when 2802 is divided by 53?
46
What is the remainder when 214335 is divided by 17?
16
Calculate the remainder when 2233 is divided by 557.
5
Calculate the remainder when 10969 is divided by 5484.
1
Calculate the remainder when 652 is divided by 158.
20
Calculate the remainder when 32822 is divided by 731.
658
What is the remainder when 309 is divided by 308?
1
What is the remainder when 16679 is divided by 371?
355
What is the remainder when 1875 is divided by 1866?
9
What is the remainder when 16266 is divided by 86?
12
What is the remainder when 20735 is divided by 2954?
57
Calculate the remainder when 2513 is divided by 171.
119
Calculate the remainder when 4178 is divided by 4083.
95
Calculate the remainder when 691161 is divided by 714.
9
Calculate the remainder when 36337 is divided by 7.
0
What is the remainder when 2159974 is divided by 966?
964
What is the remainder when 162927 is divided by 81428?
71
What is the remainder when 3572 is divided by 1069?
365
What is the remainder when 4198 is divided by 78?
64
Calculate the remainder when 37504 is divided by 12500.
4
Calculate the remainder when 20202 is divided by 19.
5
Calculate the remainder when 1188 is divided by 17.
15
What is the remainder when 5133 is divided by 508?
53
Calculate the remainder when 1488 is divided by 72.
48
What is the remainder when 1516 is divided by 299?
21
Calculate the remainder when 6874 is divided by 796.
506
What is the remainder when 1973 is divided by 360?
173
What is the remainder when 4824 is divided by 503?
297
Calculate the remainder when 2019 is divided by 292.
267
Calculate the remainder when 4172 is divided by 463.
5
Calculate the remainder when 32054 is divided by 356.
14
Calculate the remainder when 494744 is divided by 10096.
40
What is the remainder when 6999 is divided by 515?
304
What is the remainder when 4229 is divided by 4218?
11
Calculate the remainder when 7460 is divided by 1171.
434
What is the remainder when 5744 is divided by 1667?
743
What is the remainder when 38502 is divided by 6?
0
What is the remainder when 1864591 is divided by 53?
51
What is the remainder when 813 is divided by 200?
13
What is the remainder when 2914 is divided by 722?
26
Calculate the remainder when 4644459 is divided by 1283.
1282
Calculate the remainder when 1707 is divided by 111.
42
Calculate the remainder when 14875 is divided by 513.
511
What is the remainder when 43869 is divided by 29?
21
Calculate the remainder when 11199 is divided by 4.
3
What is the remainder when 69051 is divided by 480?
411
Calculate the remainder when 13255 is divided by 608.
487
What is the remainder when 1115 is divided by 26?
23
What is the remainder when 7159 is divided by 137?
35
Calculate the remainder when 9868 is divided by 1361.
341
Calculate the remainder when 86720 is divided by 230.
10
Calculate the remainder when 24113 is divided by 786.
533
Calculate the remainder when 121711 is divided by 756.
751
Calculate the remainder when 2189 is divided by 954.
281
What is the remainder when 22933 is divided by 32?
21
Calculate the remainder when 15384 is divided by 162.
156
What is the remainder when 7599 is divided by 638?
581
Calculate the remainder when 7281 is divided by 14.
1
Calculate the remainder when 10322 is divided by 1484.
1418
What is the remainder when 7218 is divided by 46?
42
What is the remainder when 5525 is divided by 5525?
0
Calculate the remainder when 6290 is divided by 3041.
208
What is the remainder when 51270 is divided by 754?
752
Calculate the remainder when 513641 is divided by 63.
2
What is the remainder when 285650 is divided by 5?
0
What is the remainder when 3554 is divided by 86?
28
Calculat